{"id":19,"date":"2017-07-21T11:38:14","date_gmt":"2017-07-21T09:38:14","guid":{"rendered":"http:\/\/172.18.1.104\/?page_id=19"},"modified":"2018-04-03T13:49:11","modified_gmt":"2018-04-03T11:49:11","slug":"personale","status":"publish","type":"page","link":"https:\/\/www.tjrideskole.dk\/index.php\/personale\/","title":{"rendered":"Personale"},"content":{"rendered":"<div class=\"wpb-content-wrapper\"><p>[vc_row][vc_column width=&#8221;1\/3&#8243;][\/vc_column][vc_column width=&#8221;2\/3&#8243;][vc_column_text]<\/p>\n<h4>Daglig leder Sandra S\u00f8rensen<\/h4>\n<h6>ELEV UNDERVISNING (VOKSEN HOLD)<\/h6>\n<p>Sandra har redet siden hun var 8 \u00e5r. Hun har redet op til MB1 dressur til st\u00e6vner p\u00e5 hendes egen hest.<br \/>\nHun har en del erfaring med at undervise b\u00e5de hold og enetimer.<\/p>\n<p>Har du lyst til at pr\u00f8ve at ride ved Sandra, s\u00e5 kontakt Sandra p\u00e5 tlf. 24 28 78 39 eller send en mail\u00a0<a class=\"email_link email_link_replace\" href=\"mailto:s.sorensen@tjrideskole.dk\" rel=\"kd\/eloksedirjt\/\/nesneros\/s\">s.sorensen@tjrideskole.dk<\/a>.[\/vc_column_text][\/vc_column][\/vc_row][vc_row][vc_column width=&#8221;1\/3&#8243;][\/vc_column][vc_column width=&#8221;2\/3&#8243;][vc_column_text]<\/p>\n<h4>Linda Frandsen<\/h4>\n<h6>ELEV UNDERVISNING (NYBEGYNDERE HOLD)<\/h6>\n<p>Linda har haft egen hest i mange \u00e5r, har startet en del st\u00e6vner og deltaget i rideskolens forskellige arrangementer.<br \/>\nLinda er vild med b\u00f8rn og har en rigtig god indflydelse p\u00e5 b\u00f8rnene.<\/p>\n<p>Har du lyst til at pr\u00f8ve at ride ved Linda, s\u00e5 kontakt Sandra p\u00e5 tlf. 24 28 78 39 eller send en mail\u00a0<a class=\"email_link email_link_replace\" href=\"mailto:s.sorensen@tjrideskole.dk\" rel=\"kd\/eloksedirjt\/\/nesneros\/s\">s.sorensen@tjrideskole.dk<\/a>.[\/vc_column_text][\/vc_column][\/vc_row]<\/p>\n<\/div>","protected":false},"excerpt":{"rendered":"<p>[vc_row][vc_column width=&#8221;1\/3&#8243;][\/vc_column][vc_column width=&#8221;2\/3&#8243;][vc_column_text] Daglig leder Sandra S\u00f8rensen ELEV UNDERVISNING (VOKSEN HOLD) Sandra har redet siden hun var 8 \u00e5r. Hun har redet op til MB1 dressur til st\u00e6vner p\u00e5 hendes egen hest. Hun har en del erfaring med at undervise b\u00e5de hold og enetimer. Har du lyst til at pr\u00f8ve at ride ved Sandra, s\u00e5&hellip;<\/p>\n","protected":false},"author":2,"featured_media":0,"parent":0,"menu_order":0,"comment_status":"closed","ping_status":"closed","template":"","meta":{"footnotes":""},"class_list":["post-19","page","type-page","status-publish","hentry","description-off"],"_links":{"self":[{"href":"https:\/\/www.tjrideskole.dk\/index.php\/wp-json\/wp\/v2\/pages\/19","targetHints":{"allow":["GET"]}}],"collection":[{"href":"https:\/\/www.tjrideskole.dk\/index.php\/wp-json\/wp\/v2\/pages"}],"about":[{"href":"https:\/\/www.tjrideskole.dk\/index.php\/wp-json\/wp\/v2\/types\/page"}],"author":[{"embeddable":true,"href":"https:\/\/www.tjrideskole.dk\/index.php\/wp-json\/wp\/v2\/users\/2"}],"replies":[{"embeddable":true,"href":"https:\/\/www.tjrideskole.dk\/index.php\/wp-json\/wp\/v2\/comments?post=19"}],"version-history":[{"count":5,"href":"https:\/\/www.tjrideskole.dk\/index.php\/wp-json\/wp\/v2\/pages\/19\/revisions"}],"predecessor-version":[{"id":366,"href":"https:\/\/www.tjrideskole.dk\/index.php\/wp-json\/wp\/v2\/pages\/19\/revisions\/366"}],"wp:attachment":[{"href":"https:\/\/www.tjrideskole.dk\/index.php\/wp-json\/wp\/v2\/media?parent=19"}],"curies":[{"name":"wp","href":"https:\/\/api.w.org\/{rel}","templated":true}]}}